{"id":4487,"date":"2018-08-27T09:33:06","date_gmt":"2018-08-27T08:33:06","guid":{"rendered":"https:\/\/www.bergerac.aeroport.fr\/protection-des-donnees\/"},"modified":"2025-04-02T11:07:01","modified_gmt":"2025-04-02T10:07:01","slug":"protection-des-donnees","status":"publish","type":"page","link":"https:\/\/www.bergerac.aeroport.fr\/en\/protection-des-donnees\/","title":{"rendered":"Protection des donn\u00e9es"},"content":{"rendered":"<p class=\"\" data-start=\"47\" data-end=\"334\">The data collected and processed by EGC AERO is done so in accordance with Article 6.1(c) of Regulation (EU) 2016\/679 (General Data Protection Regulation &#8211; GDPR), which authorizes data processing when it is necessary for compliance with a legal obligation to which EGC AERO is subject.<\/p>\n<p class=\"\" data-start=\"336\" data-end=\"483\">This data is exclusively intended for EGC AERO. However, it may be disclosed to third parties in response to a legal order addressed to EGC AERO.<\/p>\n<p class=\"\" data-start=\"485\" data-end=\"693\">You agree to immediately inform EGC AERO of any changes to your personal data. EGC AERO shall therefore be exempt from any liability for consequences resulting from the failure to update your personal data.<\/p>\n<p class=\"\" data-start=\"695\" data-end=\"839\">The data may also be retained to comply with a legal or regulatory obligation for the duration required to fulfill the obligation in question.<\/p>\n<p class=\"\" data-start=\"841\" data-end=\"1298\">In accordance with the provisions of Regulation (EU) 2016\/679 GDPR, you have the right to access your data stored in EGC AERO&#8217;s databases, the right to rectification or erasure, the right to restrict processing, the right to data portability, and the right to object to the collection and processing of your data on legitimate grounds. You may exercise these rights, free of charge, by contacting EGC AERO and providing proof of identity (at your choice):<\/p>\n<p class=\"\" data-start=\"1300\" data-end=\"1485\">\u2022 By email at: <a href=\"mailto:bergerac-aeroport@bergerac.aeroport.fr\" rel=\"noopener\" data-start=\"1315\" data-end=\"1353\">bergerac-aeroport@bergerac.aeroport.fr<\/a><br data-start=\"1353\" data-end=\"1356\" \/>\u2022 By mail at the following address:<br data-start=\"1391\" data-end=\"1394\" \/><strong data-start=\"1396\" data-end=\"1483\">Data Protection Officer, A\u00e9roport de Bergerac, Route d\u2019Agen, 24100 BERGERAC, France<\/strong><\/p>\n<p class=\"\" data-start=\"1487\" data-end=\"1640\">You also have the right to lodge a complaint with the French Data Protection Authority (Commission Nationale de l\u2019Informatique et des Libert\u00e9s &#8211; CNIL).<\/p>\n<p class=\"\" data-start=\"1642\" data-end=\"2100\">You may also provide general or specific instructions to a trusted third party certified by CNIL or to EGC AERO regarding the retention, deletion, and communication of your personal data after your death. You can designate a person responsible for carrying out your instructions and modify them at any time. In the absence of instructions given during your lifetime, your heirs will have the right to exercise certain rights, including the right of access.<\/p>\n","protected":false},"excerpt":{"rendered":"<p>The data collected and processed by EGC AERO is done so in accordance with Article 6.1(c) of Regulation (EU) 2016\/679 (General Data Protection Regulation &#8211; GDPR), which authorizes data processing when it is necessary for compliance with a legal obligation to which EGC AERO is subject. This data is exclusively intended for EGC AERO. However, [&hellip;]<\/p>\n","protected":false},"author":2,"featured_media":0,"parent":0,"menu_order":0,"comment_status":"closed","ping_status":"closed","template":"","meta":{"footnotes":""},"class_list":["post-4487","page","type-page","status-publish","hentry"],"yoast_head":"<!-- This site is optimized with the Yoast SEO plugin v27.5 - https:\/\/yoast.com\/product\/yoast-seo-wordpress\/ -->\n<title>Protection des donn\u00e9es - A\u00e9roport Bergerac Dordogne P\u00e9rigord<\/title>\n<meta name=\"description\" content=\"Site officiel de l&#039;A\u00e9roport Bergerac Dordogne P\u00e9rigord. Voyage, billets d&#039;avion, horaires vols, compagnies a\u00e9riennes, acc\u00e8s et r\u00e9servation parking.\" \/>\n<meta name=\"robots\" content=\"index, follow, max-snippet:-1, max-image-preview:large, max-video-preview:-1\" \/>\n<link rel=\"canonical\" href=\"https:\/\/www.bergerac.aeroport.fr\/en\/protection-des-donnees\/\" \/>\n<meta property=\"og:locale\" content=\"en_US\" \/>\n<meta property=\"og:type\" content=\"article\" \/>\n<meta property=\"og:title\" content=\"Protection des donn\u00e9es - A\u00e9roport Bergerac Dordogne P\u00e9rigord\" \/>\n<meta property=\"og:description\" content=\"Site officiel de l&#039;A\u00e9roport Bergerac Dordogne P\u00e9rigord. Voyage, billets d&#039;avion, horaires vols, compagnies a\u00e9riennes, acc\u00e8s et r\u00e9servation parking.\" \/>\n<meta property=\"og:url\" content=\"https:\/\/www.bergerac.aeroport.fr\/en\/protection-des-donnees\/\" \/>\n<meta property=\"og:site_name\" content=\"A\u00e9roport Bergerac Dordogne P\u00e9rigord\" \/>\n<meta property=\"article:publisher\" content=\"https:\/\/www.facebook.com\/aeroportbergerac.dordogneperigord\" \/>\n<meta property=\"article:modified_time\" content=\"2025-04-02T10:07:01+00:00\" \/>\n<meta name=\"twitter:label1\" content=\"Est. reading time\" \/>\n\t<meta name=\"twitter:data1\" content=\"2 minutes\" \/>\n<script type=\"application\/ld+json\" class=\"yoast-schema-graph\">{\"@context\":\"https:\\\/\\\/schema.org\",\"@graph\":[{\"@type\":\"WebPage\",\"@id\":\"https:\\\/\\\/www.bergerac.aeroport.fr\\\/en\\\/protection-des-donnees\\\/\",\"url\":\"https:\\\/\\\/www.bergerac.aeroport.fr\\\/en\\\/protection-des-donnees\\\/\",\"name\":\"Protection des donn\u00e9es - A\u00e9roport Bergerac Dordogne P\u00e9rigord\",\"isPartOf\":{\"@id\":\"https:\\\/\\\/www.bergerac.aeroport.fr\\\/#website\"},\"datePublished\":\"2018-08-27T08:33:06+00:00\",\"dateModified\":\"2025-04-02T10:07:01+00:00\",\"description\":\"Site officiel de l'A\u00e9roport Bergerac Dordogne P\u00e9rigord. Voyage, billets d'avion, horaires vols, compagnies a\u00e9riennes, acc\u00e8s et r\u00e9servation parking.\",\"breadcrumb\":{\"@id\":\"https:\\\/\\\/www.bergerac.aeroport.fr\\\/en\\\/protection-des-donnees\\\/#breadcrumb\"},\"inLanguage\":\"en-US\",\"potentialAction\":[{\"@type\":\"ReadAction\",\"target\":[\"https:\\\/\\\/www.bergerac.aeroport.fr\\\/en\\\/protection-des-donnees\\\/\"]}]},{\"@type\":\"BreadcrumbList\",\"@id\":\"https:\\\/\\\/www.bergerac.aeroport.fr\\\/en\\\/protection-des-donnees\\\/#breadcrumb\",\"itemListElement\":[{\"@type\":\"ListItem\",\"position\":1,\"name\":\"Home\",\"item\":\"https:\\\/\\\/www.bergerac.aeroport.fr\\\/en\\\/\"},{\"@type\":\"ListItem\",\"position\":2,\"name\":\"Protection des donn\u00e9es\"}]},{\"@type\":\"WebSite\",\"@id\":\"https:\\\/\\\/www.bergerac.aeroport.fr\\\/#website\",\"url\":\"https:\\\/\\\/www.bergerac.aeroport.fr\\\/\",\"name\":\"A\u00e9roport Bergerac Dordogne P\u00e9rigord\",\"description\":\"\",\"potentialAction\":[{\"@type\":\"SearchAction\",\"target\":{\"@type\":\"EntryPoint\",\"urlTemplate\":\"https:\\\/\\\/www.bergerac.aeroport.fr\\\/?s={search_term_string}\"},\"query-input\":{\"@type\":\"PropertyValueSpecification\",\"valueRequired\":true,\"valueName\":\"search_term_string\"}}],\"inLanguage\":\"en-US\"}]}<\/script>\n<!-- \/ Yoast SEO plugin. -->","yoast_head_json":{"title":"Protection des donn\u00e9es - A\u00e9roport Bergerac Dordogne P\u00e9rigord","description":"Site officiel de l'A\u00e9roport Bergerac Dordogne P\u00e9rigord. Voyage, billets d'avion, horaires vols, compagnies a\u00e9riennes, acc\u00e8s et r\u00e9servation parking.","robots":{"index":"index","follow":"follow","max-snippet":"max-snippet:-1","max-image-preview":"max-image-preview:large","max-video-preview":"max-video-preview:-1"},"canonical":"https:\/\/www.bergerac.aeroport.fr\/en\/protection-des-donnees\/","og_locale":"en_US","og_type":"article","og_title":"Protection des donn\u00e9es - A\u00e9roport Bergerac Dordogne P\u00e9rigord","og_description":"Site officiel de l'A\u00e9roport Bergerac Dordogne P\u00e9rigord. Voyage, billets d'avion, horaires vols, compagnies a\u00e9riennes, acc\u00e8s et r\u00e9servation parking.","og_url":"https:\/\/www.bergerac.aeroport.fr\/en\/protection-des-donnees\/","og_site_name":"A\u00e9roport Bergerac Dordogne P\u00e9rigord","article_publisher":"https:\/\/www.facebook.com\/aeroportbergerac.dordogneperigord","article_modified_time":"2025-04-02T10:07:01+00:00","twitter_misc":{"Est. reading time":"2 minutes"},"schema":{"@context":"https:\/\/schema.org","@graph":[{"@type":"WebPage","@id":"https:\/\/www.bergerac.aeroport.fr\/en\/protection-des-donnees\/","url":"https:\/\/www.bergerac.aeroport.fr\/en\/protection-des-donnees\/","name":"Protection des donn\u00e9es - A\u00e9roport Bergerac Dordogne P\u00e9rigord","isPartOf":{"@id":"https:\/\/www.bergerac.aeroport.fr\/#website"},"datePublished":"2018-08-27T08:33:06+00:00","dateModified":"2025-04-02T10:07:01+00:00","description":"Site officiel de l'A\u00e9roport Bergerac Dordogne P\u00e9rigord. Voyage, billets d'avion, horaires vols, compagnies a\u00e9riennes, acc\u00e8s et r\u00e9servation parking.","breadcrumb":{"@id":"https:\/\/www.bergerac.aeroport.fr\/en\/protection-des-donnees\/#breadcrumb"},"inLanguage":"en-US","potentialAction":[{"@type":"ReadAction","target":["https:\/\/www.bergerac.aeroport.fr\/en\/protection-des-donnees\/"]}]},{"@type":"BreadcrumbList","@id":"https:\/\/www.bergerac.aeroport.fr\/en\/protection-des-donnees\/#breadcrumb","itemListElement":[{"@type":"ListItem","position":1,"name":"Home","item":"https:\/\/www.bergerac.aeroport.fr\/en\/"},{"@type":"ListItem","position":2,"name":"Protection des donn\u00e9es"}]},{"@type":"WebSite","@id":"https:\/\/www.bergerac.aeroport.fr\/#website","url":"https:\/\/www.bergerac.aeroport.fr\/","name":"A\u00e9roport Bergerac Dordogne P\u00e9rigord","description":"","potentialAction":[{"@type":"SearchAction","target":{"@type":"EntryPoint","urlTemplate":"https:\/\/www.bergerac.aeroport.fr\/?s={search_term_string}"},"query-input":{"@type":"PropertyValueSpecification","valueRequired":true,"valueName":"search_term_string"}}],"inLanguage":"en-US"}]}},"_links":{"self":[{"href":"https:\/\/www.bergerac.aeroport.fr\/en\/wp-json\/wp\/v2\/pages\/4487\/"}],"collection":[{"href":"https:\/\/www.bergerac.aeroport.fr\/en\/wp-json\/wp\/v2\/pages\/"}],"about":[{"href":"https:\/\/www.bergerac.aeroport.fr\/en\/wp-json\/wp\/v2\/types\/page\/"}],"author":[{"embeddable":true,"href":"https:\/\/www.bergerac.aeroport.fr\/en\/wp-json\/wp\/v2\/users\/2\/"}],"replies":[{"embeddable":true,"href":"https:\/\/www.bergerac.aeroport.fr\/en\/wp-json\/wp\/v2\/comments\/?post=4487"}],"version-history":[{"count":2,"href":"https:\/\/www.bergerac.aeroport.fr\/en\/wp-json\/wp\/v2\/pages\/4487\/revisions\/"}],"predecessor-version":[{"id":6137,"href":"https:\/\/www.bergerac.aeroport.fr\/en\/wp-json\/wp\/v2\/pages\/4487\/revisions\/6137\/"}],"wp:attachment":[{"href":"https:\/\/www.bergerac.aeroport.fr\/en\/wp-json\/wp\/v2\/media\/?parent=4487"}],"curies":[{"name":"wp","href":"https:\/\/api.w.org\/{rel}","templated":true}]}}

Protection des données

<p class="" data-start="47" data-end="334">The data collected and processed by EGC AERO is done so in accordance with Article 6.1(c) of Regulation (EU) 2016/679 (General Data Protection Regulation &#8211; GDPR), which authorizes data processing when it is necessary for compliance with a legal obligation to which EGC AERO is subject.</p>
<p class="" data-start="336" data-end="483">This data is exclusively intended for EGC AERO. However, it may be disclosed to third parties in response to a legal order addressed to EGC AERO.</p>
<p class="" data-start="485" data-end="693">You agree to immediately inform EGC AERO of any changes to your personal data. EGC AERO shall therefore be exempt from any liability for consequences resulting from the failure to update your personal data.</p>
<p class="" data-start="695" data-end="839">The data may also be retained to comply with a legal or regulatory obligation for the duration required to fulfill the obligation in question.</p>
<p class="" data-start="841" data-end="1298">In accordance with the provisions of Regulation (EU) 2016/679 GDPR, you have the right to access your data stored in EGC AERO&#8217;s databases, the right to rectification or erasure, the right to restrict processing, the right to data portability, and the right to object to the collection and processing of your data on legitimate grounds. You may exercise these rights, free of charge, by contacting EGC AERO and providing proof of identity (at your choice):</p>
<p class="" data-start="1300" data-end="1485">• By email at: <a href="mailto:bergerac-aeroport@bergerac.aeroport.fr" rel="noopener" data-start="1315" data-end="1353">bergerac-aeroport@bergerac.aeroport.fr</a><br data-start="1353" data-end="1356" />• By mail at the following address:<br data-start="1391" data-end="1394" /><strong data-start="1396" data-end="1483">Data Protection Officer, Aéroport de Bergerac, Route d’Agen, 24100 BERGERAC, France</strong></p>
<p class="" data-start="1487" data-end="1640">You also have the right to lodge a complaint with the French Data Protection Authority (Commission Nationale de l’Informatique et des Libertés &#8211; CNIL).</p>
<p class="" data-start="1642" data-end="2100">You may also provide general or specific instructions to a trusted third party certified by CNIL or to EGC AERO regarding the retention, deletion, and communication of your personal data after your death. You can designate a person responsible for carrying out your instructions and modify them at any time. In the absence of instructions given during your lifetime, your heirs will have the right to exercise certain rights, including the right of access.</p>

<!-- This site is optimized with the Yoast SEO plugin v27.5 - https://yoast.com/product/yoast-seo-wordpress/ -->
<title>Protection des données - Aéroport Bergerac Dordogne Périgord</title>
<meta name="description" content="Site officiel de l&#039;Aéroport Bergerac Dordogne Périgord. Voyage, billets d&#039;avion, horaires vols, compagnies aériennes, accès et réservation parking." />
<meta name="robots" content="index, follow, max-snippet:-1, max-image-preview:large, max-video-preview:-1" />
<link rel="canonical" href="https://www.bergerac.aeroport.fr/en/protection-des-donnees/" />
<meta property="og:locale" content="en_US" />
<meta property="og:type" content="article" />
<meta property="og:title" content="Protection des données - Aéroport Bergerac Dordogne Périgord" />
<meta property="og:description" content="Site officiel de l&#039;Aéroport Bergerac Dordogne Périgord. Voyage, billets d&#039;avion, horaires vols, compagnies aériennes, accès et réservation parking." />
<meta property="og:url" content="https://www.bergerac.aeroport.fr/en/protection-des-donnees/" />
<meta property="og:site_name" content="Aéroport Bergerac Dordogne Périgord" />
<meta property="article:publisher" content="https://www.facebook.com/aeroportbergerac.dordogneperigord" />
<meta property="article:modified_time" content="2025-04-02T10:07:01+00:00" />
<meta name="twitter:label1" content="Est. reading time" />
	<meta name="twitter:data1" content="2 minutes" />
<script type="application/ld+json" class="yoast-schema-graph">{"@context":"https:\/\/schema.org","@graph":[{"@type":"WebPage","@id":"https:\/\/www.bergerac.aeroport.fr\/en\/protection-des-donnees\/","url":"https:\/\/www.bergerac.aeroport.fr\/en\/protection-des-donnees\/","name":"Protection des données - Aéroport Bergerac Dordogne Périgord","isPartOf":{"@id":"https:\/\/www.bergerac.aeroport.fr\/#website"},"datePublished":"2018-08-27T08:33:06+00:00","dateModified":"2025-04-02T10:07:01+00:00","description":"Site officiel de l'Aéroport Bergerac Dordogne Périgord. Voyage, billets d'avion, horaires vols, compagnies aériennes, accès et réservation parking.","breadcrumb":{"@id":"https:\/\/www.bergerac.aeroport.fr\/en\/protection-des-donnees\/#breadcrumb"},"inLanguage":"en-US","potentialAction":[{"@type":"ReadAction","target":["https:\/\/www.bergerac.aeroport.fr\/en\/protection-des-donnees\/"]}]},{"@type":"BreadcrumbList","@id":"https:\/\/www.bergerac.aeroport.fr\/en\/protection-des-donnees\/#breadcrumb","itemListElement":[{"@type":"ListItem","position":1,"name":"Home","item":"https:\/\/www.bergerac.aeroport.fr\/en\/"},{"@type":"ListItem","position":2,"name":"Protection des données"}]},{"@type":"WebSite","@id":"https:\/\/www.bergerac.aeroport.fr\/#website","url":"https:\/\/www.bergerac.aeroport.fr\/","name":"Aéroport Bergerac Dordogne Périgord","description":"","potentialAction":[{"@type":"SearchAction","target":{"@type":"EntryPoint","urlTemplate":"https:\/\/www.bergerac.aeroport.fr\/?s={search_term_string}"},"query-input":{"@type":"PropertyValueSpecification","valueRequired":true,"valueName":"search_term_string"}}],"inLanguage":"en-US"}]}</script>
<!-- / Yoast SEO plugin. -->

Protection des données - Aéroport Bergerac Dordogne Périgord

Site officiel de l'Aéroport Bergerac Dordogne Périgord. Voyage, billets d'avion, horaires vols, compagnies aériennes, accès et réservation parking.

Aéroport Bergerac Dordogne Périgord
